5)?
10
Let p(z) = 2*z**3 + 81*z**2 - 227*z - 26. Calculate p(-43).
490
Let o(g) = 65123*g - 1888605. Give o(29).
-38
Let y(b) = 13*b**2 - 4*b + 58. What is y(-7)?
723
Let z(n) = n**2 + 156*n + 4514. What is z(-111)?
-481
Let k(t) = 228394*t + 29006034. Calculate k(-127).
-4
Let v(n) = -n**3 + 3*n**2 + 53*n + 29. Calculate v(6).
239
Let y(x) = 1835*x - 781735. Determine y(426).
-25
Let h(a) = -477*a + 105391. Give h(221).
-26
Let n(s) = 532*s - 16698. Determine n(32).
326
Let d(p) = 5031*p + 447717. Calculate d(-89).
-42
Let z(a) = -a**2 - 309*a + 8338. Calculate z(25).
-12
Let t(l) = -9223*l + 101434. Determine t(11).
-19
Let b(j) = 3*j**2 - 289*j + 4542. What is b(54)?
-2316
Let n(i) = -4*i**2 + 139*i - 224. Determine n(27).
613
Let x(k) = -4*k**2 - 149*k + 14862. Calculate x(41).
2029
Let b(o) = o**3 - 168*o**2 - 3752*o - 1488. Determine b(188).
16
Let r(d) = -39*d**2 - 257*d - 2089. Calculate r(-8).
-2529
Let u(s) = s**2 - 13073*s + 39224. Determine u(3).
14
Let h(o) = -483167*o + 2415838. Give h(5).
3
Let p(q) = -250*q**2 + 1287*q + 17. Determine p(5).
202
Let r(m) = m + 513. What is r(-521)?
-8
Let x(d) = -d**3 + 224*d**2 + 3018*d - 376740. What is x(230)?
0
Let s(q) = -1627*q**3 - 16*q**2 - 25*q - 3. Calculate s(-1).
1633
Let h(o) = -2*o**3 - 306*o**2 + 862*o + 85451. Determine h(-154).
135
Let c(x) = -9801*x - 13437177. Calculate c(-1371).
-6
Let s(y) = -2*y**2 + 114*y - 514. Determine s(54).
-190
Let u(y) = y**3 + 1302*y**2 - 2438*y + 221674. Give u(-1304).
-6
Let c(n) = 4*n**2 - 43*n - 8. Determine c(10).
-38
Let m(o) = -1041*o - 432127. What is m(-415)?
-112
Let a(v) = -13*v**3 - 29*v**2 + 1992*v + 3985. Give a(-2).
-11
Let y(i) = -46227*i - 693015. Calculate y(-15).
390
Let a(b) = 169*b - 3904. What is a(21)?
-355
Let d(k) = -k**2 + 139*k - 5343. Calculate d(55).
-723
Let i(k) = -483*k + 15675. What is i(34)?
-747
Let x(h) = 785180*h + 2355570. Calculate x(-3).
30
Let s(f) = 35103*f + 315973. Calculate s(-9).
46
Let v(n) = 1454*n - 14043. Give v(10).
497
Let x(c) = 2*c**2 + 224*c + 4093. Calculate x(-89).
-1
Let r(h) = 3354*h**3 + 2*h**2 - 4*h - 116. Give r(0).
-116
Let y(j) = -10*j - 41. Determine y(-27).
229
Let f(h) = -22*h**3 + 8*h**2 + 15*h - 8. What is f(-2)?
170
Let m(d) = -236*d + 12741. Give m(54).
-3
Let i(r) = 18267*r - 91374. Give i(5).
-39
Let b(v) = -2*v**3 + 22*v**2 + 9*v + 82. What is b(12)?
-98
Let o(x) = -363*x**2 + 10159*x + 128. What is o(28)?
-12
Let g(m) = 6179*m - 4689855. Determine g(759).
6
Let m(i) = -119656*i - 1794843. Give m(-15).
-3
Let n(z) = 90859*z + 272582. Determine n(-3).
5
Let t(m) = 24627*m - 73883. Give t(3).
-2
Let n(f) = 15*f**2 - 4*f. What is n(-4)?
256
Let i(w) = -100*w**2 + 5276*w + 3. Calculate i(0).
3
Let h(o) = -626899*o + 1253775. What is h(2)?
-23
Let f(v) = 1026*v + 11063. What is f(-9)?
1829
Let p(f) = 183*f**2 - 51*f - 51. What is p(-1)?
183
Let d(n) = 7*n**2 + 230*n - 4579. Calculate d(14).
13
Let i(n) = n**3 + 5*n**2 + 639*n + 3875. Calculate i(-6).
5
Let p(k) = 5208*k - 46940. Determine p(8).
-5276
Let q(i) = -3*i**2 - 3354*i + 3352. What is q(1)?
-5
Let j(o) = 2*o**2 + 2072*o - 14536. What is j(7)?
66
Let t(r) = r**3 - 502*r**2 + 9660*r - 9642. Calculate t(482).
-2
Let o(r) = -r**2 - 37*r + 285. Calculate o(8).
-75
Let c(q) = -q**3 - 46*q**2 - 175*q + 677. Calculate c(-7).
-9
Let m(n) = -1121988*n + 7853917. Give m(7).
1
Let l(f) = -96*f**2 - 2304*f - 20. Calculate l(-24).
-20
Let n(c) = -2*c**3 + 27*c**2 - 75*c + 481. What is n(12)?
13
Let y(g) = 3*g**3 + 22*g**2 + 7723*g + 54010. Calculate y(-7).
-2
Let o(a) = -2*a**3 + 49*a**2 + 25*a - 4654. What is o(18)?
8
Let y(c) = -3*c**2 + 343*c + 17714. Give y(-39).
-226
Let k(s) = -5*s**2 - 217*s + 1130. Give k(-49).
-242
Let w(m) = 3*m**3 - 106*m**2 + 185*m + 2. Give w(2).
-28
Let n(h) = -3*h**3 - 10*h**2 + 143*h + 512. What is n(-7)?
50
Let l(j) = -3431*j - 151002. Give l(-44).
-38
Let u(j) = -28*j**2 - 2119*j + 632. What is u(-76)?
-52
Let q(h) = -h**3 + 930*h**2 + 1851*h + 12099. What is q(932)?
-17
Let r(f) = 4*f**2 - 246*f + 3329. Give r(14).
669
Let n(q) = 6*q**2 - 1363*q + 53907. Calculate n(51).
0
Let d(c) = 175*c**2 + 695*c - 37. What is d(-4)?
-17
Let y(k) = -10*k**3 + 218*k**2 + 15*k - 184. What is y(22)?
-822
Let f(h) = 3*h**2 - 672*h + 4043. What is f(218)?
119
Let n(i) = -8*i**2 + 26*i - 167. Calculate n(4).
-191
Let c(h) = 4*h**2 + 24898*h - 24894. What is c(1)?
8
Let a(i) = 1584405*i + 23766076. Calculate a(-15).
1
Let t(f) = -8*f**2 + 517*f + 13058. What is t(84)?
38
Let v(w) = 202*w**3 - 607*w**2 + 65*w - 183. Give v(3).
3
Let y(f) = 1671*f - 160381. Give y(96).
35
Let a(r) = r**2 + 785*r + 102711. Calculate a(-166).
-43
Let s(f) = -2553*f**2 + 2590*f - 51. What is s(1)?
-14
Let i(v) = 664*v + 440888. Give i(-664).
-8
Let u(l) = 2*l**2 - 918*l - 29373. Determine u(-30).
-33
Let g(f) = 2*f**3 - 4*f**2 - 294*f + 110. What is g(13)?
6
Let w(g) = 108572*g - 1519871. Calculate w(14).
137
Let l(s) = -2*s**2 - 1619*s + 3246. Calculate l(2).
0
Let i(w) = 67*w - 6. Calculate i(5).
329
Let m(o) = 2149*o + 10814. Determine m(-5).
69
Let m(l) = 18478*l - 18463. What is m(1)?
15
Let a(s) = 107*s**2 - 3204*s - 190. Give a(30).
-10
Let d(o) = 381*o - 821. Determine d(-2).
-1583
Let r(a) = 50928*a - 12986634. What is r(255)?
6
Let g(h) = -142*h - 6332. Give g(-58).
1904
Let f(d) = 4*d**2 - 2791*d + 179645. What is f(626)?
-17
Let z(d) = -10679*d - 203011. Determine z(-19).
-110
Let r(i) = i**2 + 148*i - 130. Calculate r(-149).
19
Let h(z) = 445*z - 2926. Give h(6).
-256
Let u(i) = -5*i**2 - 166*i - 1282. Determine u(-21).
-1
Let l(k) = -98485*k + 4825782. Determine l(49).
17
Let a(p) = -p**3 - 51*p**2 - 2267*p - 43813. Determine a(-27).
-100
Let k(y) = -y**2 + 674*y - 31748. Give k(51).
25
Let b(p) = -2*p**2 - 469*p - 7218. Calculate b(-218).
-24
Let q(u) = 3588*u + 441267. What is q(-123)?
-57
Let h(d) = 85*d**2 - 39*d + 88. Calculate h(3).
736
Let y(m) = m**3 + 19*m**2 + 13434*m + 187095. Calculate y(-14).
-1
Let t(d) = -d**2 - 501*d - 24561. Give t(-55).
-31
Let z(x) = -x**2 - 10190*x - 1929417. Give z(-193).
4
Let s(c) = -c**2 + 1337759*c - 5351029. Determine s(4).
-9
Let r(y) = -48*y**2 - 3794*y - 273. Calculate r(-79).
-115
Let p(w) = -w**3 + 257*w**2 - 7433*w + 141418. Give p(227).
-3
Let p(j) = -9*j**2 - 4738*j - 172852. Calculate p(-487).
33
Let b(o) = 4*o**3 - 162*o**2 - 61119*o - 938. What is b(-105)?
7
Let s(t) = -t**3 + 19*t**2 - 161*t + 3092. Calculate s(19).
33
Let o(r) = -416*r - 79879. Give o(-193).
409
Let y(q) = 90*q - 6938. What is y(77)?
-8
Let z(p) = 20*p**3 - 1843*p**2 + 255*p - 358. Determine z(92).
-2290
Let n(k) = 144659*k + 4773749. Calculate n(-33).
2
Let h(y) = 5*y**2 + 245*y + 2694. What is h(-33)?
54
Let w(c) = c**3 + 69*c**2 - 3648*c - 320. Determine w(-104).
512
Let v(b) = -1326*b - 66096. Give v(-50).
204
Let z(s) = s**3 - 66*s**2 - 1709*s - 1448. Calculate z(86).
-502
Let m(g) = 2*g**3 + 13*g**2 - 1301*g - 11297. Calculate m(-9).
7
Let q(i) = -3933*i + 24292. Calculate q(7).
-3239
Let i(t) = t**3 - 17*t**2 + 35*t - 12. What is i(8)?
-308
Let l(b) = b**3 - 277*b**2 - 891*b + 92910. Give l(279).
3
Let g(s) = -4*s**3 + 28*s**2 - 132*s - 58. Determine g(5).
-518
Let m(a) = -8*a**2 - 585*a + 6274. Calculate m(-83).
-283
Let v(f) = f**3 + 47*f**2 - 988*f - 12474. What is v(-60)?
6
Let i(t) = -1688*t - 327452. Determine i(-194).
20
Let s(p) = -2*p**2 + 331*p - 6899. Calculate s(141).
10
Let j(s) = 22*s**2 - 846*s + 55. Calculate j(38).
-325
Let m(n) = -5*n**2 - 187*n + 6. Calculate m(-38).
-108
Let f(p) = 75*p + 3179. Give f(-42).
29
Let b(a) = 9*a**2 + 55754*a - 446592. What is b(8)?
16
Let q(s) = -3*s**3 - 41*s**2 - 1026*s - 12990. Give q(-13).
10
Let d(s) = -s**2 + 84*s - 1338. Give d(68).
-250
Let w(p) = -p**3 - 16*p**2 + 1534*p + 31381. Determine w(-21).
1372
Let g(p) = 1114*p - 15799. Determine g(19).
5367
Let c(x) = -x**2 - 142044*x + 2272965. What is c(16)?
5
Let o(m) = 1647*m + 225623. Determine o(-137).
-16
Let g(a) = 62177*a + 62078. What is g(-1)?
-99
Let a(d) = -167*d**2 + 206*d - 1. What is a(3)?
-886
Let n(y) = 97694*y + 586235. What is n(-6)?
71
Let w(k) = k**3 + 107*k**2 - 339*k - 13285. Determine w(-109).
-96
Let w(a) = -5*a**3 + 160*a**2 + 938*a - 571. What is w(37)?
-90
Let g(l)